((-6)/(-4))/(m/(-16))?
8
Let m(a) = -5*a - 1 + 0*a + 3 - 2*a - a**2. What is the tens digit of m(-4)?
1
Suppose -2*o + 75 = 3*o. Let g = o + -6. What is the units digit of g?
9
Let b(t) = -4 + 1 - 32*t + 3 + 1. Let d be b(-1). Let x = -18 + d. What is the units digit of x?
5
Suppose q - 4*d + 2 = 1, 4*q = -3*d + 15. Let k be ((-2)/3)/((-8)/60). Suppose -q*a - 27 = -4*l, -k*a = 3*l - 3*a + 1. What is the units digit of l?
3
Suppose -6*m = -7*m + 44. What is the tens digit of m?
4
Let t(w) = -w**2 + 15*w + 7. What is the units digit of t(13)?
3
Suppose 0 = -5*h + 4*l - 9*l + 200, 0 = -2*h + l + 71. Suppose h = 5*q + 3*w, 2*q - 3*w - 2 = -w. What is the units digit of q?
5
Suppose 6*n - 2 = 4*n. What is the units digit of n?
1
Let v(x) = -x**3 - 7*x**2 - 5*x - 4. Let r be v(-8). Suppose 6*w = w + r. Let s = w + -10. What is the units digit of s?
0
What is the tens digit of (2/4)/((-11)/(-440))?
2
Let h = -282 + 455. What is the hundreds digit of h?
1
Suppose 5*j + 2*l = 260, 6*j + 4*l = j + 270. What is the units digit of j?
0
What is the tens digit of (-3 + (152 + -3)*-1)*-1?
5
Let y be (-4)/12 - 20/(-6). Suppose -3*w - y + 18 = 0. Suppose 1 = -l + w. What is the units digit of l?
4
Let v(p) = p**2. Let a(f) = -f**3 - 7*f**2 + f - 4. Let m(s) = -a(s) - 3*v(s). Let u = -12 - -8. What is the units digit of m(u)?
8
Suppose b = -4*b. Let a(s) = -s**3 + s + 7 - s**2 - 2*s + 0*s**2. What is the units digit of a(b)?
7
Let p = 2 - 4. Let n = p + 4. Suppose -3*g - n*k = -4, 7 = g + g - 3*k. What is the units digit of g?
2
Suppose 0 = 5*q, 3*t = 2*t + 4*q + 45. What is the units digit of t?
5
Let o = 5 - 5. Let m = o + 3. What is the units digit of m?
3
Let d be (-40)/6*3/(-2). Let n = d - 9. What is the units digit of n?
1
Suppose 2*z = -4 - 2, -2*y + 2*z + 234 = 0. What is the tens digit of y?
1
Let j = 1 + 2. What is the units digit of j?
3
Let v = -13 + 18. Suppose v*l = 2*l + 27. What is the units digit of l?
9
Let n = -91 + 127. What is the units digit of n?
6
Let k be (-2 - -1)/(3/(-33)). Let l = -5 + k. What is the units digit of 3/9 + 82/l?
4
Let w(v) = v**3 - 3*v**2 - 6*v + 2. Let o be w(4). Let y(t) = -3*t - 6 + 1 + 2*t. What is the units digit of y(o)?
1
Let s be 2/(-4)*(-1 + 1). Suppose s = -4*q + 16 + 16. Suppose -q*k - 4 = -4*r - 4*k, 0 = -5*k + 5. What is the units digit of r?
2
Suppose -4*m = -12, 0 = -5*z + 3*m - 2*m + 7. Suppose -f = -1, f = z*q - 58 - 3. Let u = q - 22. What is the units digit of u?
9
Let a(o) = -o + 3*o + 7 + 0. Let t be a(-5). What is the units digit of (t/(-2))/((-3)/(-8))?
4
Suppose -3*d + 5*d + 42 = 0. Let p = 36 + d. What is the tens digit of p?
1
Let y(p) be the second derivative of -p**5/10 - 7*p**4/12 - 2*p**3/3 + 2*p**2 + 3*p. What is the units digit of y(-4)?
6
Suppose -7*b = -3*b - 8. Suppose -3*a = -b*i, -3*a + i = -2*i. Suppose 4*h - 2*h - 20 = a. What is the tens digit of h?
1
Let t = -2 - -4. Suppose x + 4*a - 33 = -9, -a = -t*x + 30. What is the tens digit of x?
1
Let u(y) = y**3 - 7*y**2 + 5*y + 8. Let o be u(6). Let n(h) = -5*h**o + 6*h - 6*h + 20*h**2. What is the tens digit of n(-1)?
1
Let s(t) = -t**3 + 10*t**2 + 9*t - 7. What is the tens digit of s(10)?
8
Let x(f) = 3*f**3 - f**2 - f + 2. Let c be x(-2). Let z = -9 - c. Suppose -5*g + 2*g = -z. What is the units digit of g?
5
Suppose 3*t - 4*n = 121 - 41, -95 = -4*t + 3*n. What is the tens digit of t?
2
Suppose 4*w - 127 = 29. What is the units digit of w?
9
Let n = -394 - -665. What is the units digit of n?
1
Let t(i) = -i + 13. What is the units digit of t(9)?
4
Suppose 5*u - 19 = -4. What is the units digit of (42/(-3))/(1 - u)?
7
What is the units digit of 6*(-5)/(-2)*5?
5
Let j = 2 + 0. Let a(i) = -j*i - 3*i + 0*i. What is the units digit of a(-1)?
5
Suppose 4*k - 8 = -0. Let m = -4 - k. Let q = m - -13. What is the units digit of q?
7
Let d(y) be the third derivative of y**4/12 - y**3/6 + y**2. Let l be d(1). What is the units digit of l/1*-1 - -8?
7
Let p(a) = -a**3 + 4*a**2 + 3. Let j be p(4). Suppose -3*k = -r - j*r + 47, -3*r - 2*k = -31. What is the units digit of r?
1
Let o(w) = 17*w**3 + 1. Let k be -3*3/(-9)*1. What is the tens digit of o(k)?
1
Suppose 5*g - 16 = -3*x + 5*x, -3*x - 6 = -3*g. Suppose h = x + 22. What is the tens digit of h?
2
What is the units digit of 2048/(-48)*(-3)/2?
4
Suppose -3*z - p + 15 = 0, -2*p = 5*z + 1 - 27. Suppose 3*a - y - 3 = 0, 3*y - z = 4*a - y. What is the units digit of a?
2
Let h = -8 - -16. Let y = -8 + h. Suppose 28 = 2*c - y. What is the tens digit of c?
1
Let o(p) be the first derivative of -p**2/2 - 3*p - 1. What is the units digit of o(-7)?
4
Suppose -s + 552 = 5*k - k, -4*s = 3*k - 427. What is the hundreds digit of k?
1
Let o(a) = -2*a + 7. Let x be o(8). What is the tens digit of (3/(-2))/(x/84)?
1
Suppose -4*o + 940 = o. Suppose 0 = 4*u + j - 106, -j = 5*u + 56 - o. What is the units digit of u?
6
Let s be (-2)/9 - (-913)/99. Let y(b) = -b**2 + 10*b + 2. What is the tens digit of y(s)?
1
Let y(f) = f**2 + 8*f - 2. Let n be (-2 + 1)*159/(-1). Let g be n/(-18) + (-3)/18. What is the units digit of y(g)?
7
Suppose 16 = m + 5*h, -2*h + 4 = -0*h. Let f be 346/8 + m/8. Suppose a - 5*a = -f. What is the units digit of a?
1
Let x(t) = -t**2 - 6*t + 5. Let f be x(-6). What is the units digit of f/(-20) - (-29)/4?
7
Suppose 6 = -i + 4*i. Suppose -i*a = 3*f - 16, -3*f + 29 = -4*a + 7. What is the units digit of f?
6
Let w be 1*(-6)/4*-2. Suppose -10*g = -7*g - 96. Suppose 2*s - 2*u = g, 6 + 9 = w*u. What is the tens digit of s?
2
What is the units digit of -10 - -10 - (0 - 40)?
0
Let f = 239 - 128. What is the units digit of f?
1
Let g be (30/9)/(4/6). Let r = -3 + g. What is the units digit of r + 5 - (-1 - -1)?
7
Let k(t) = t - 6. Suppose -24 = -0*q - 3*q. Let o be k(q). Suppose 6*i = o*i + 8. What is the units digit of i?
2
Suppose z = v - 5*v + 78, 4*v + 312 = 4*z. Suppose -3*s = -0*s - z. What is the units digit of s?
6
Let l(c) = c**2 - 5*c - 1. Let n be l(6). Suppose 0 = -4*h + n*s + 46, 2*h + 2*h + 5*s = 26. What is the units digit of h?
9
Let a = -6 - -9. Let f = 0 + a. Suppose f*r + 5*q - 50 = -r, -2*r + 24 = 2*q. What is the units digit of r?
0
Let c = 1 - -2. Suppose 0*t - 12 = -c*t. Suppose -9*m + 90 = -t*m. What is the units digit of m?
8
Let d(n) = 39*n**3 - n**2 - n + 2. What is the tens digit of d(1)?
3
Let w(d) = d**3 - 9*d**2 + 9*d + 2. Suppose j = 5*j - 3*m - 20, -2*j + 2*m + 8 = 0. What is the units digit of w(j)?
0
Suppose -3*s = -10*s + 126. What is the units digit of s?
8
Suppose 7*z = 6*z + 18. What is the tens digit of z?
1
Let k be -3 - (3 + 3 + -15). Let j = 12 - k. What is the units digit of j?
6
Let d = 660 + -417. What is the units digit of d?
3
Suppose 0 = -4*g + g. Suppose n = -g*n + 12. What is the tens digit of n?
1
Let g(h) = -19*h**3 - h**2 - h + 1. What is the tens digit of g(-1)?
2
Suppose -4*j + 4*w + 17 = -203, -25 = 5*w. What is the tens digit of j?
5
Let m = -13 - -74. What is the units digit of m?
1
Let t(q) = q**3 - 5*q**2 + 2*q - 8. What is the units digit of t(6)?
0
Let k(r) = -r**2 - 5*r + 6. Let t be k(-6). Let x(u) = u + 21. What is the units digit of x(t)?
1
Let a(l) = l**3 + 6*l**2 + l + 6. Let u be a(-6). Suppose -2*x + 7*x - 25 = u. What is the units digit of x?
5
Let a be 6/8 + (-500)/(-16). Let c = 13 - 8. Suppose i + a = c*i. What is the units digit of i?
8
Let w(u) = u**2 + 2*u + 13. What is the units digit of w(-4)?
1
Suppose -3*i - 22 = -3*q + 2*i, 2*i = 2. Suppose -n + 6 = -q. What is the tens digit of n?
1
Let j = 22 + 88. What is the tens digit of j?
1
Let w(i) be the first derivative of -i**4/4 - i**3 + 2*i**2 + 3*i - 1. Let k be w(-4). Suppose 3*h + k - 15 = 0. What is the units digit of h?
4
Suppose -3*y + 5*c + 198 = 0, 3*y - 66 = 2*y + c. Suppose 3*w + 4 = 2*r - 21, 4*w + y = 5*r. Let p = 23 - r. What is the units digit of p?
9
Suppose -4*d + 4*p = -2*d - 4, 6 = 3*d - 2*p. Suppose u = -i + d*u + 12, 2*u = 5*i - 69. What is the tens digit of i?
1
Suppose -a + 66 = 2*a. What is the units digit of a?
2
Let i = 4 - 1. Let t(d) = -2*d**2 + 4*d**2 - 2*d - 3*d**i + 3*d. What is the units digit of t(-1)?
4
What is the hundreds digit of (-46303)/(-171) + (-4)/(-18)?
2
Let k(h) = h. Let u be k(2). Let l(s) = s + 3. Let d be l(-3). What